z + 20. Suppose -z*g + 11 = -17. What is the units digit of g?
7
Suppose 0 = 2*g - 2 - 2. Suppose -g*r + 35 = 11. What is the tens digit of r?
1
Suppose 32 = 2*l - 0*l. Suppose -5*d - 4*m + 9 = -25, -4*m - l = 0. Suppose f - 3*n - 16 = -n, n - d = -f. What is the tens digit of f?
1
Let o = 49 + -31. Let q(m) = -m**3 + 5*m**2 - m + 7. Let v be q(5). Suppose 0 = -2*i + v*d, 0 = 4*i - 0*i + 5*d - o. What is the units digit of i?
2
Let q be (6/8)/(4/(-16)). Let h be (2 + 0 + 1)*q. What is the units digit of -1 + 3/(h/(-60))?
9
Let l(x) = -10*x + 2. Let i = -2 + -1. Let u be l(i). Suppose 2*a - 4*a + 4 = 2*k, -2*a + u = -5*k. What is the units digit of a?
6
Suppose 3*k - 20 = 2*k. What is the tens digit of k?
2
What is the tens digit of 10*21/6*1?
3
Suppose -4*k + 3*z - 13 = -6*k, -2*z = -6. Suppose 0 = -k*n + 7*n. Let v(j) = -j**2 - j + 1. What is the units digit of v(n)?
1
Let i(v) be the first derivative of -v**4/24 - 4*v**3/3 - 3*v**2/2 - 4. Let m(s) be the second derivative of i(s). What is the units digit of m(-10)?
2
Let u = 10 + -13. Let y(k) = k**3 + k**2 + 4*k + 4. Let h be y(u). Let g = -6 - h. What is the tens digit of g?
2
Let w(m) = -2*m - 12. Let j be w(-12). What is the tens digit of (-6)/j - (-82)/4?
2
Let x be (-4)/(2*(0 + -1)). Let c be -6 - -3 - (1 + -1). What is the units digit of 16/3 - x/c?
6
Let l = -5 - -20. Suppose 2*v + 10 = -2*x, 5*v - 5*x = 4 + 1. What is the tens digit of l*(3 + 4/v)?
1
Suppose 5*v = 4*v + 4. Suppose c + v = -3*c. Let g = c - -5. What is the units digit of g?
4
Let d(z) = -z**2 - 9*z - 10. Let o be d(-7). What is the units digit of 1/4 + 51/o?
3
Suppose 8*r - 56 = 6*r. What is the tens digit of r?
2
Let i = 28 + 43. What is the tens digit of i?
7
Let p = 8 - 5. Suppose -g = -5*g, -g = -5*w + 10. Suppose -p*s + w = -s. What is the units digit of s?
1
Let y(d) = d**2 - 5*d - 4. Let f be y(6). What is the units digit of 3/(-6) + 51/f?
5
Suppose -4*i - 3048 = -16*i. What is the hundreds digit of i?
2
Suppose 0*f - 13*f + 3263 = 0. What is the tens digit of f?
5
Let a be -6*((1 - -1) + -3). Let c be (a/5)/((-2)/(-40)). Suppose -3*o + 2*d + c = -3*d, -24 = -3*o - 3*d. What is the units digit of o?
8
Let a be -3*(20/(-6) + 3). Let y(o) = 38*o - 1. What is the tens digit of y(a)?
3
Suppose 0*d = -5*d + 5*g + 235, -4*d + 2*g = -198. What is the units digit of d?
2
Let b = 88 + -48. What is the units digit of b?
0
Suppose -v - 64 = -3*v. Let f = -16 + v. What is the tens digit of f?
1
Suppose 5*l = 49 + 76. Let h = -17 + l. What is the units digit of h?
8
Let m = 12 - 3. Let s(r) = r**2 - 5*r - 6. What is the tens digit of s(m)?
3
Let n(c) be the first derivative of c**3/3 + c**2/2 + c + 4. What is the units digit of n(2)?
7
Let t(r) = r**3 - r**2 + 16. Let y be t(0). Let c be (-4)/y + 21/4. Let q(z) = z**3 - 6*z**2 + 6*z - 1. What is the units digit of q(c)?
4
What is the tens digit of (2 - 11/(-4))/((-6)/(-72))?
5
Let n(a) = 6*a + 1. What is the tens digit of n(5)?
3
Let p(f) = f**3 + 6*f**2 - 6*f + 8. What is the units digit of p(-6)?
4
Let h(x) = -x. Let y be h(6). Let o(r) = -r**2 - 7*r + 2. Let a be o(y). Suppose 5*n = a + 22. What is the units digit of n?
6
Let m = -310 + 478. What is the units digit of m?
8
Suppose 0 = -8*f + 3*f + 235. Let u = f - 22. What is the tens digit of u?
2
Let v(x) = -x**3 - 12*x**2 + 10*x - 12. Let u be 7/(-14) + 50/(-4). What is the units digit of v(u)?
7
Let i = -16 + 11. Let t(x) = x**3 + 4*x**2 + 2*x + 3. Let k be t(-2). Let h = k + i. What is the units digit of h?
2
Let q(v) = 2*v - 38. What is the units digit of q(24)?
0
Let y = 131 + -33. What is the units digit of y?
8
Let c(y) = -y**3 + 2*y**2 + 5*y - 3. Let d be c(3). Let f(i) = -i**2 + 2*i + 3. Let q be f(d). Suppose q*v + 25 = 5*v. What is the units digit of v?
5
Suppose -2 = -2*c + 4, c - 93 = -5*m. What is the units digit of m?
8
Let m(v) = -205*v - 1. Let b be m(1). Let i be b/(-14) - (-4)/14. Suppose 3*p = -2*c + 2*p + 15, 3*c - p - i = 0. What is the units digit of c?
6
Let r be (10/8)/((-1)/(-4)). Suppose -3*j + r*a + 2 - 5 = 0, 4*j - 31 = -5*a. What is the units digit of j?
4
Let i = -2 + 1. Let c be (0 + i)/((-4)/12). Suppose -l + 37 = 4*a, a + c*l = 2*a - 6. What is the units digit of a?
9
Let j = 3 - 29. Let t = -18 - j. Let k = t + -5. What is the units digit of k?
3
Let g be 33/(1 + 0/2). Let k = -2 + g. What is the tens digit of k?
3
Let l = 150 + 32. What is the hundreds digit of l?
1
Suppose 0*w + 5*w = 25. Suppose 3*k - i + 24 = 4*i, 0 = 2*k + w*i - 9. What is the units digit of ((-6)/(-4))/(k/(-8))?
4
Let m = 108 - 37. What is the units digit of m?
1
Suppose 56 = -4*z + 156. Let h = 35 - z. What is the units digit of h?
0
Let g be ((0 - -2) + -3)*-3. Suppose -2*l = -37 + g. What is the tens digit of l?
1
Suppose b + 2*q = 43, -5*b + 216 = -4*q + 43. What is the units digit of b?
7
Let x be -1 + -1 + (2 - 2). Let v(f) = -2*f**3 - f**2 - f - 1. What is the tens digit of v(x)?
1
Let w be 16/8*(-4)/(-2). Let n be 22/w*(-6)/3. Let l = -2 - n. What is the units digit of l?
9
Let s(u) = 5 - u**2 + 12 - 3 + 4. Let j be s(0). Suppose -2*z - z = -j. What is the units digit of z?
6
Suppose 10 - 30 = 5*x. Let i be x/(-8) - 2/4. Suppose i = -c - 3 + 5. What is the units digit of c?
2
Let x(n) = -3*n**3 - n**2 - n - 1. What is the tens digit of x(-4)?
7
Let d = 2 + 3. What is the units digit of d?
5
Suppose 9*s - 6*s - 108 = 0. What is the units digit of s?
6
Let m = 105 + -182. Let t = m + 127. What is the units digit of t?
0
Suppose -6 = -o - 2. Suppose -2*p = o - 28. What is the units digit of p?
2
Suppose -3*q + 5*l - 6 = 10, 5*q - 20 = -l. Suppose 1 = -c + q. Suppose -c*t - t = -27. What is the units digit of t?
9
What is the tens digit of 8*(2 - (-2)/1)?
3
Let d(j) = 8*j**2 + 3*j + 2. What is the units digit of d(-2)?
8
Let x = 9 + -5. What is the units digit of 1112/28 + x/14?
0
Let x(y) = 2*y**2. Let u be x(-2). Let l(z) = z**2 - 8*z + 12. What is the tens digit of l(u)?
1
Suppose -i + 24 = -0*i. What is the units digit of i?
4
What is the tens digit of 4959/21 - 2/14?
3
Let b(l) = -l + 14. Let k be b(10). Let z be 157/k - (-3)/4. Suppose -6*v + v = -z. What is the units digit of v?
8
Suppose -5*j + 2*q - 2 = -j, 4 = -j - 3*q. Let t be 1 - j/((-1)/(-3)). Suppose -h + 46 = t*r, r + 4*r + h = 58. What is the tens digit of r?
1
Let j(p) = -p**2 + 18*p - 7. What is the tens digit of j(13)?
5
Let z = 1 + 1. Let c be (3/3 - -2) + 2. What is the units digit of (-3)/(-5) + z/c?
1
Let l(x) = -x + 3. What is the units digit of l(-13)?
6
Let p be 3 + -3 - (1 + -18). Suppose -3*j = 15, 4*h - p - 61 = -2*j. What is the tens digit of h?
2
Let v(r) = 14*r**3 - 6*r**2 - 21*r**3 + 6*r**3 - 5*r - 15 + r. What is the units digit of v(-6)?
9
Let k = -33 + 39. What is the units digit of k?
6
Let a(l) = 5*l**3 + 4*l**2 - 2*l**3 - 6 - 7*l - 2*l**3. Let o be a(-5). Suppose -4*j - 40 = -o*s, -3*j + 4*j = -4*s + 45. What is the units digit of s?
1
Let b = 412 + -244. What is the hundreds digit of b?
1
Let v = -2 - -5. Let l be (-2 - (-8)/3)*v. Suppose 2*p - 4*p + 2*h + 16 = 0, -p + 17 = l*h. What is the tens digit of p?
1
Let f = 10 - 7. Suppose 47 = 3*x + 4*w - 2*w, f*w + 42 = 3*x. Suppose 2*h - x = -3*h. What is the units digit of h?
3
Let o = 31 + -53. What is the units digit of -2 + (-2)/(4/o)?
9
Let l(v) = v**2 - 6*v - 11. Let q be l(8). Let x = -4 + q. What is the units digit of x?
1
Let s = 0 - 7. Let q = -3 - s. Suppose -k + 15 = q*k. What is the units digit of k?
3
Let c = 25 - 16. What is the units digit of c?
9
Let v(i) = 11*i - 6. What is the units digit of v(4)?
8
Suppose 0 = -4*u + 21 + 15. Suppose 4*p + 19 = -u. Let j = p - -12. What is the units digit of j?
5
Suppose -7*c = -10*c + 168. What is the units digit of c?
6
Suppose -9*i = -14*i + 570. What is the hundreds digit of i?
1
Let o be ((-2)/(-6))/((-4)/(-12)). Let h = 1 + o. What is the units digit of h?
2
Suppose 3*j - 5 = -2. What is the units digit of 6*(j + 1) + -3?
9
Suppose 4*p - 2*u - 579 = -3*u, 3*p + u - 434 = 0. What is the units digit of p?
5
Let j = -157 + 346. What is the hundreds digit of j?
1
Let k(n) = 6*n**2 + n. Suppose -2*a = 2*a + 4. Let f be k(a). Let m = -3 + f. What is the units digit of m?
2
Suppose -2*y - 3*y = 15. What is the uni